g*x + 2941. Is u a composite number?
False
Let a(m) = m**3 - 8*m**2 - 18*m + 18. Let d be a(15). Let b be ((d/(-15))/(-3))/(6/30). Suppose 143*j = b*j - 436. Is j a prime number?
True
Let r = -2 - -4. Let x be 0/(r/(-9) + 44/36). Suppose x = 2*n + 3*n + b - 36210, -14511 = -2*n + 5*b. Is n composite?
False
Let r = -288 + 3981. Let k = 8533 - 9681. Let d = r + k. Is d a prime number?
False
Let h(f) = -110*f**3 + 3*f**2 - f. Let b be h(1). Let y = b - -847. Is y a composite number?
False
Suppose -505901 = -2*r - 3*o, -5*r + 215300 = -4*o - 1049487. Is r a prime number?
False
Let q(g) = 30*g + 16. Let t(h) = -1. Let p(s) = -q(s) + 3*t(s). Suppose -5*i - 11*j = -7*j + 43, -2*i - 3*j - 20 = 0. Is p(i) a composite number?
False
Suppose -28*b + 5*b = -966. Suppose 46*y = b*y + 1964. Is y composite?
False
Let j = 24630 - -40583. Is j a composite number?
False
Is (-195 - 13)/(-26) - -265965 a prime number?
False
Suppose 5*b - 33 = 42. Suppose -b*y = -18*y + 5052. Let r = y - 843. Is r prime?
False
Let g(j) = -19371*j - 4243. Is g(-16) a prime number?
False
Let t(y) = -4232*y**3 + 4*y**2 + 8*y - 43. Is t(-3) composite?
True
Let u(v) = 112*v**2 - 61*v - 469. Is u(-10) composite?
True
Let r = -932 + 917. Is (-3 - -5)/2*(5708 - r) a composite number?
True
Suppose -31 + 4 = -3*w. Suppose -18554 - 12622 = -24*q. Is -2 + 3*q/w a composite number?
False
Let b(k) = -k**3 - 5*k**2 - 3*k - 5. Let f be b(-5). Let p(o) = o**3 - 10*o**2 - 5*o + 5. Let i be p(f). Is ((-4)/6)/(-1) - 23415/i composite?
False
Let j(n) = -2*n - 776. Let p(o) = -3*o - 775. Let y(i) = -4*j(i) + 3*p(i). Let a(d) = 2*d**2 - 17*d + 8. Let z be a(8). Is y(z) prime?
False
Suppose 412*d = 403*d + 93213. Is d composite?
False
Let w = 75 + -70. Suppose p - y + 2114 = 13742, -w*p + 58161 = 2*y. Suppose -5*v = 10*d - 11*d + 2303, -p = -5*d - 4*v. Is d a composite number?
True
Let w(j) be the third derivative of 287*j**5/30 - 5*j**4/24 + 2*j**3/3 + 3*j**2 + 3. Let s = 2 - 1. Is w(s) a prime number?
False
Suppose l - 3*s = 2, 5*l = -s - 0*s + 10. Suppose l*n - 10 = -3*n - 2*x, -5*x - 13 = 3*n. Suppose -5*w + 2304 = n*f, -w - 2*w = f - 583. Is f composite?
False
Let w(a) = 9*a + 9. Let g be w(-3). Let r(x) = x**3 + 21*x**2 + 25*x + 18. Let p be r(g). Suppose -566 - p = -2*m. Is m prime?
False
Let u = 874 - 883. Let n be 1 - 3/((-3)/(-24715)). Is 1/u + n/(-81) prime?
False
Is (102/42 + -2)*7 + 63190 composite?
True
Let a be (3/5 + 1)/((-21)/(-197820)). Suppose 5*r = -4*q + 8557 + a, 5*q = -3*r + 29546. Is q composite?
True
Let u(f) = 462*f + 1453. Is u(41) a prime number?
False
Let g = -122 + 195. Let u = g - 128. Let n = u - -204. Is n a composite number?
False
Suppose 14*v - 15021 = -615. Suppose v = j - 5*s, -4876 = -4*j + s - 722. Is j composite?
False
Is ((-9)/6)/((-15)/(-554045))*(-20)/10 a composite number?
True
Let y = 15162 + 7499. Suppose -15*o + y = -3694. Is o prime?
False
Let h = 1131358 + -370027. Is h a composite number?
True
Let t be (-66)/(-4 + 2) - (-56)/(-14). Let o(w) = 128*w + 207. Is o(t) composite?
False
Let m(o) = -3*o**3 - 155*o**2 - 37*o + 19. Let k be m(-50). Let g = k + 24484. Is g a composite number?
True
Let t be (2 + -1)/(5/(-60)). Is -66*(-1 - (-122)/t) a prime number?
False
Let b(h) = 137*h**3 + h**2 - h + 5. Let g be b(4). Suppose 0*y = 7*y - g. Suppose -4*o - y = -5603. Is o a composite number?
False
Let u = -218151 + 393362. Is u composite?
False
Suppose -7*g + 419 = -6*g + 2*y, 0 = 3*g + y - 1282. Let z = -268 + 482. Let s = g - z. Is s a prime number?
False
Let c(m) be the first derivative of m**6/24 - 13*m**5/120 + 31*m**4/24 - 8*m**3 + 32. Let j(o) be the third derivative of c(o). Is j(14) composite?
False
Let o(m) = 3*m + 30. Let z be o(-10). Suppose b + 1089 = 2*h - h, z = 4*h + b - 4346. Is h prime?
True
Let y(x) = 1861*x - 1819. Is y(28) a composite number?
True
Let n(s) = -192*s + 62. Let d(i) = -96*i + 31. Let g(f) = -7*d(f) + 3*n(f). Let z(c) = -96*c + 31. Let t(u) = -3*g(u) - 4*z(u). Is t(7) a composite number?
False
Suppose -2*m - 16530 = -14*m + 48666. Is m prime?
False
Let r(g) = g**2 - g - 3. Let j(i) = -30*i**3 + 7*i**2 - 8*i - 17. Let a(l) = -j(l) + 6*r(l). Let d(v) = v - 3. Let c be d(5). Is a(c) a composite number?
False
Is (636180 - ((-42)/12)/((-5)/(-10))) + 0 a prime number?
False
Let c = 52471 + -31052. Is c composite?
False
Suppose 1495 = 4*v + z - 0*z, 3*v = 5*z + 1127. Let d = v - 157. Is d prime?
False
Suppose s - 5*u - 46571 = 0, -123*s - 5*u = -122*s - 46591. Is s prime?
False
Let j = -161373 - -289136. Is j prime?
True
Let k be (-34)/(-12) + -3 + (-372)/(-72). Suppose -2*n - 2*u - 4918 = -4*n, -k*u = 5*n - 12315. Is n composite?
True
Suppose 2*d = -n + 6109, 51*n - 5*d = 47*n + 24462. Is n composite?
False
Let t be 4/(-3) - 22/6. Let a(f) be the second derivative of -f**5/4 + 3*f**2 - f. Is a(t) a composite number?
False
Suppose 3*y + n = 57564, 5*y - 17*n = -16*n + 95932. Is y a prime number?
False
Suppose 5*w = -2*f - 0*w - 7969, -11943 = 3*f - 3*w. Suppose -17*k = 195811 - 44698. Let s = f - k. Is s a prime number?
False
Suppose -5*g = 5*d - 0*d - 5950, -1182 = -d - 5*g. Suppose 2*s = d + 1446. Is s a composite number?
False
Suppose -5*z - 157908 = 2*a - 529965, -a - 4*z + 186039 = 0. Is a prime?
False
Suppose -742*d + 730*d = -528180. Is d a prime number?
False
Suppose -2*v + 33379 = p, 100133 = 3*p + 15*v - 13*v. Is p composite?
False
Let g(w) = -1179*w**3 - 16*w**2 - 77*w - 23. Is g(-5) composite?
True
Let b = -80 - -86. Is (-2)/(-3) - ((-439588)/b)/2 prime?
False
Let t = 482 - 172. Suppose 16743 = t*c - 307*c. Is c a prime number?
True
Let f = 130 + -138. Let z(w) = -65*w**3 + 6*w**2 - 3. Is z(f) a composite number?
True
Is 204/255 + (-55842)/(-10) a prime number?
False
Let i(j) = 2471*j + 1858. Is i(15) a prime number?
True
Suppose 59*k + f + 57564 = 64*k, 3*f - 34542 = -3*k. Is k a prime number?
False
Suppose 0 = -5*h + 5*y - 115930, 5*h + 115914 = -19*y + 20*y. Let d = h + 42623. Is d a composite number?
False
Suppose 24 = d + 20. Let r = 447 - -1816. Suppose -r - 2541 = -d*y. Is y prime?
True
Let z = -154616 - -233307. Is z composite?
False
Let w be 6*((-12)/(-40) - 3/(-15)). Suppose -3*t + 3*h + 5206 = -7385, 0 = w*t + h - 12607. Is t a composite number?
False
Let f be -26498 - (5 - 0 - 6). Let r = -16388 - f. Is r composite?
True
Suppose n = 68 + 445. Let m(p) = 6*p - 118. Let u be m(42). Suppose -x + n = u. Is x a prime number?
True
Is 310/2*21765/75 prime?
False
Let i(w) = -28916*w + 2501. Is i(-31) a prime number?
True
Let z = -5886 + 64543. Is z prime?
True
Suppose -104*m = 62*m - 68306842. Is m composite?
True
Suppose 0 = -2*s - 0*s - 14. Let k(w) be the third derivative of -w**6/60 + 7*w**5/60 + w**4/6 - 5*w**3/3 - 144*w**2. Is k(s) composite?
False
Let a(k) = 653*k + 7. Let o be a(4). Suppose -2*b = 3*n - o - 4134, 5*n - 11255 = -5*b. Is n a prime number?
True
Let z(h) = -h**3 - 3*h + 1537. Suppose -2*d + 12 = -3*i, -5*d = -4*d + 3*i + 12. Is z(d) a composite number?
True
Let j = 271949 + -174940. Is j prime?
False
Let w = 393823 + -201832. Is w prime?
False
Let s(m) be the second derivative of 0 + 3/2*m**2 + 1/6*m**4 + 7/20*m**5 + 5/6*m**3 + 20*m. Is s(4) prime?
True
Suppose -3*o + 31143 = m + 9633, 2*o - 14320 = 6*m. Is o a prime number?
False
Let b(j) = -j**3 - 6*j**2 - 7. Let i be b(-7). Let u be 7/(i/(-45))*292/(-5). Suppose -215 = -2*s - 3*a, 2*a + u = 7*s - 3*s. Is s prime?
True
Is 0 + 12224 - -4*5/(-20) a prime number?
False
Let h be (6*2/7)/(48/168). Is ((-106)/h)/(-2*(-5)/(-30)) a composite number?
False
Let z(t) = 327*t + 4. Let o(w) be the second derivative of w**5/20 - w**4/12 + w**3/3 - w**2/2 + 31*w. Let v be o(1). Is z(v) a prime number?
True
Suppose -4*o - 1796 = q - 9365, o = 2*q - 15102. Suppose 14*d = 21*d - q. Is d a prime number?
False
Suppose 0 = -15*h + 14*h + 5*r + 24858, 4*h - 4*r = 99416. Suppose 3*v + k - 3*k = h, 2*v - 16582 = -2*k. Is v a prime number?
True
Let z(k) = -63*k + 15. Let r(a) = -8*a - 168. Let v be r(-20). Is z(v) a prime number?
False
Let x(f) be the first derivative of -6*f**2 + 5182*f - 93. Is x(0) a prime number?
False
Suppose 39450 = -104*h + 103847 + 269859. Is h prime?
False
Let a = 164 + -197. Is 30 + a + (-3430)/(-1) prime?
False
Let l(o) be the third derivative